Let r(j) = 212*j**2 - 3. Suppose 49*s + 12 = 52*s. Is r(s) a composite number?
False
Let m = 1096 + 105. Is m prime?
True
Suppose 16370 = 61*n - 59*n. Suppose 0 = 4*c + c - n. Is c a prime number?
True
Let c(f) = 43*f**2 + 3 + 10*f - 15*f + f + 9*f**2. Is c(2) a prime number?
False
Suppose 1414 = 5*n - 6801. Is n a prime number?
False
Let u(r) = 110*r**2 - 12*r - 35. Is u(-3) prime?
True
Suppose -o + 27 = 2. Suppose 3*i - 8*i = -o. Is (0 + 1)*(32 + i) composite?
False
Is -3*(-55)/(-45)*-7827 prime?
False
Suppose -2*g + 78 = 2*c, -5*g = -4*c + 45 + 93. Let p(l) = 0 - 2 - 7*l - 3 - c*l. Is p(-3) prime?
True
Let n = -103 + 109. Is (237 + 2)*(n - 5) a composite number?
False
Is 279/(-36) + 7 - (-374253)/12 a prime number?
False
Let c(x) be the first derivative of -x**3/3 + 19*x**2/2 + 10*x - 16. Is c(19) prime?
False
Let x be (-58)/8 + (-1)/(-4). Let t be -1 + 1 + (x - -8). Is 500 + t + -3 + 5 prime?
True
Let a(i) = i**2 + 5*i. Let k be a(-5). Suppose k = 4*u - 3454 + 762. Is u a composite number?
False
Suppose 41*t = 40*t + 5201. Is t composite?
True
Suppose 5*a = 2*v + 6711, 10*a = 8*a - 3*v + 2692. Is a a prime number?
False
Is 12196/10 + 27/(-45) prime?
False
Let x(b) = 4 - 5*b**2 - 34*b**3 - 3 + 93*b**3 + 2*b. Is x(3) a composite number?
True
Suppose -4*s = -5*o + o + 4, 4*o - 8 = 0. Is (-242 + -12)*(s/2 + -1) a composite number?
False
Let j(v) = -v**3 - 17*v**2 - v - 8. Let l(u) = u - 1. Let f(g) = -j(g) + l(g). Is f(-12) prime?
False
Suppose -3*c = -c + 534. Let n = c - -530. Is n composite?
False
Let f = -1473 - -3308. Is f composite?
True
Let j(s) = -s**3 + 2*s - 1. Let o be j(-2). Suppose -2*l + 27 = -m, o*l + m = 64 - 16. Suppose 5*c - 6*c = -l. Is c a composite number?
True
Let c = 160 - -1615. Let r = 3288 - c. Is r a prime number?
False
Is 101413/15 + 202/1515 composite?
False
Suppose -156 = -3*g + 96. Let r be 3/(4 - 1)*141. Let o = r - g. Is o a composite number?
True
Let q = 542 + -49. Is q prime?
False
Let z(k) = k**3 + 5*k**2 - 7*k - 12. Let r be z(-6). Let x(f) = -15*f - 21. Is x(r) a prime number?
False
Suppose 2*x = -5*f + 5*x - 46, -4*f = x + 47. Is (10 + f)*(-220 + -1) a prime number?
False
Let n = -38 - -40. Suppose -2*o - 2*o + 28 = 0. Suppose 5*q - 3*t = 2611, o*q - 1567 = 4*q + n*t. Is q a prime number?
True
Let o = 50246 + -34825. Is o a prime number?
False
Let o(t) = 308*t**3 - 2*t**2 - 2*t - 7. Is o(3) a composite number?
True
Is 1454914/(-74)*(-2 - -1) a prime number?
True
Suppose f + 4*c - 4410 = 0, 7*c = -3*f + 10*c + 13185. Suppose f = 4*h - 4326. Is h a composite number?
True
Let o be 6 - -2*(4 - 5). Suppose 0 = o*u - 2726 - 142. Is u a composite number?
True
Let b(m) = -m**3 - 3*m**2 - m + 2. Let k be b(-2). Suppose 2*h + 0*h + 40 = k. Is (-2)/8 + (-1345)/h a composite number?
False
Suppose -266 = 3*h - 2*f + 674, 4 = -4*f. Is 4 - 3 - (h - 2) a composite number?
False
Suppose -590*g = -595*g + 11605. Is g prime?
False
Suppose 5*r - 54431 = -8*r. Is r composite?
True
Suppose -4*w = 4*k + 4, 6*k - 2*k + 19 = w. Let b(f) = 6*f**2 + 10*f - 7 - 18*f**w - 3*f + 17*f**3. Is b(5) prime?
True
Let g be 16/28 - 7020/(-14). Suppose 0*s - g = -2*s. Is s a prime number?
True
Let l = -62 - -1009. Suppose q - 2*o + 16 = 27, 0 = -3*o - 12. Suppose q*n - l = 4. Is n a prime number?
True
Let s be ((-4)/(-6))/(6/(-117)). Let k = -11 - s. Is 152/(k - 1) + 3 a composite number?
True
Let s be ((-58)/6)/(3/(-9)). Suppose 0 = -3*b + s + 70. Is b composite?
True
Let f(t) = t**2 - 6*t - 14. Let m be f(8). Suppose -5*o - 4*a = -5*a - 2397, 2*a - 954 = -m*o. Is o prime?
True
Let q(w) = -336*w**3 + 2*w**2 + 9*w + 89. Is q(-6) composite?
True
Is (3/6)/((-11)/(-154022)) composite?
False
Let u be ((-44)/12 - -3)*3. Let v be (0/(-3 - 2))/u. Is v/(-10) + (0 - -1285) a prime number?
False
Let q = 63433 - 36698. Is q a prime number?
False
Suppose -l = 97 - 313. Suppose 3669 = 3*k + l. Is k prime?
True
Suppose -2*l + 9*q - 15 = 6*q, 3*l = -5*q + 25. Let m(i) = 2*i + 991. Is m(l) composite?
False
Let s(k) = 37*k + 4. Let j be s(-3). Suppose 7592 = -14*b - 12*b. Let z = j - b. Is z a prime number?
False
Let b be ((-1)/(-5))/(3/26655). Suppose -3*k = 196 - b. Is k composite?
True
Let d(n) = -7*n**3 - 6*n**2 - 9*n + 23. Is d(-9) a composite number?
False
Suppose h - 27484 = -5*z, 0 = -5*z + h - 6*h + 27480. Is z composite?
True
Is (-2)/(-10) - 1*231658/(-35) prime?
True
Suppose 4*h + 2*s - 3204 = 0, h + h - 2*s = 1608. Let n = h - 348. Is n a prime number?
False
Suppose y - 1413 - 298 = 0. Is y a prime number?
False
Let b be ((-2)/5)/(4/40). Let o(l) = -l**3 - 3*l**2 + 3*l. Let j be o(b). Suppose 2*t - 508 = -2*t + j*c, 4*c + 637 = 5*t. Is t composite?
True
Let l(h) = 39*h - 5. Suppose 4*o + 3*g - 35 = 0, -2*o - 3*o + 5*g = -35. Is l(o) composite?
False
Let o(z) = -2*z**2 + 21*z - 6. Let v be o(10). Is (-10)/v*(-8 - 710) prime?
False
Suppose l + 152 - 600 = -2*g, -5*g + 1123 = 4*l. Is g a prime number?
True
Let t(l) be the second derivative of l**5/20 + 7*l**4/12 - 2*l**2 - 5*l. Let o be t(-5). Let r = o + -24. Is r composite?
True
Let l be 3 - (-5)/(-2)*2. Let k(g) = -38*g**3 - 2*g**2 - 2*g - 1. Is k(l) a composite number?
True
Let q(i) = -63*i + 5. Let g be q(-3). Let y be (-586)/(-10) - (-2)/5. Let a = g + y. Is a a prime number?
False
Let r(s) = -s**3 - 26*s**2 - 23*s + 50. Let c be r(-25). Suppose c = -10*k + 20645 + 7505. Is k a composite number?
True
Suppose 8870 = 13*p - 5131. Is p composite?
True
Suppose -70 = -2*x + 210. Let a = 280 - x. Suppose 2*w = -2*r + a, 329 = 4*w + w - 2*r. Is w prime?
True
Suppose 0*p = -4*p + 12. Let q be (0 - -3) + -4 - p. Is (q + 7)/3*53 a prime number?
True
Let f be -985 - ((-7 - -3) + 3)*-1. Let a = f + 1979. Is a a composite number?
True
Suppose -b = -0*b - 5. Suppose -4*m = -5*w + 2 - 3, -2*m + b*w + 3 = 0. Let o = m - -3. Is o prime?
True
Let h(k) = -k**2 - 6*k - 3. Let g be h(-2). Let q(z) = 267*z**2 - 2*z - 8. Let s be q(g). Suppose -5*c + 8*c - s = 0. Is c composite?
True
Is 7*(-28)/(-49) + (34929 - -1) prime?
False
Let p be (-14)/21 + (-2458)/(-6). Let z = p - 722. Let k = 228 - z. Is k a composite number?
False
Let p = 14597 + -4796. Suppose 2881 = m + 4*w, -3*m + 2*w - 1144 = -p. Is m a composite number?
True
Suppose -6 = -m - 6. Let f(r) = 2*r**3 + r**2 + 3715. Is f(m) composite?
True
Suppose 4*u = 4*j, 0*j + 2*j = -4*u + 12. Let v(r) = -9*r + 2. Let x be v(j). Is x/(-24) - 128/(-6) a composite number?
True
Let r(q) = -q**3 - 5*q**2 - 5*q - 2. Let d be r(-4). Suppose w = -4*c + 66, d*w - c - 414 = -3*w. Is w prime?
False
Let w be (1/2)/(0 - (-4)/80712). Suppose 4*t - w = l, 4*l = -4*t - 0*l + 10064. Is t a prime number?
True
Let u = -85 + 87. Suppose 0 = -0*v - 2*v - 3*s + 7631, -v + 3819 = -u*s. Is v a prime number?
False
Let v(j) = j**2 + 7*j + 7. Let a be v(-7). Suppose -5*o - 486 = -a*o. Suppose 510 = 5*r + 5*u, -4*r + 3*u = -130 - o. Is r a composite number?
False
Let s(u) = -659*u**3 + u**2 + 2*u - 2. Let y(m) = m**3 - m + 1. Let f(p) = -s(p) - 5*y(p). Is f(1) composite?
False
Suppose 3956 = o + a, 3*o = -a + 11087 + 783. Is o prime?
False
Suppose 5*i + 2*t = 1067185, -5*i = -6*i - 5*t + 213437. Is i prime?
False
Is 6/16*-1 - (-219534)/336 a prime number?
True
Let x(n) = 17*n**3 + 6*n**2 - 5*n - 19. Is x(6) composite?
True
Suppose 4*u - 3739 = 1257. Is u a composite number?
False
Let k(m) = 448*m**2 - 6*m + 13. Is k(2) a prime number?
False
Suppose -4*c + 3*j + 2813 = 0, -3*j - 2*j - 1389 = -2*c. Suppose -3*m - c - 940 = 0. Is -2*(m/2 + -4) a composite number?
False
Let q = 41816 + -29190. Suppose 3*y - 14942 = g, 2*y - 4*g + 2668 - q = 0. Is y composite?
True
Let h = 7 - 2. Suppose -h*c - 14 = -4. Is (-1307)/(-11) - c/11 a composite number?
True
Let g be 6/21 - (-108)/14. Let p(l) = l**2 - 7*l - 8. Let s be p(g). Suppose s = -2*y + 539 - 21. Is y a composite number?
True
Let w(v) = -7829*v**3 + 3*v**2 + 4*v + 3. Is w(-1) composite?
True
Suppose j = -5*g + 9*g + 39665, -j = -2*g - 39671. Is j a composite number?
True
Let d be (1209/(-2) + -4)*-24. Is 1/9 + d/27 composite?
False
Suppose 927 = -3*h + 5*g + 3142, -4*h = 3*g - 2992. Is ((-1 - 2) + h)*(-5)/(-10) composite?
True
Let b(s) = -859*s - 183. Is b(-6) a prime number?
False
Let q = 5937 - 1580. Is q prime?
True
Let s be 4 + (2 + 4)*1. Le